 7649 + 1683. Calculate the highest common factor of f and 252.
36
Suppose 2*z - 3*t - 16 = 0, -10*t + 40 = 5*z - 12*t. What is the greatest common divisor of 5144 and z?
8
Let n(c) = -324*c + 162. Let t be n(-3). Calculate the highest common factor of 28 and t.
14
Suppose 2*f - 20 = 198. Suppose -f - 143 = -21*h. Calculate the greatest common divisor of 4 and h.
4
Suppose 0*m = -5*m + 125. Suppose m = h - y + 5*y, 3*h - 4*y = 11. What is the highest common divisor of 279 and h?
9
Suppose -l + 4 = 0, 9*b - 2*l - 292 = 6*b. Calculate the highest common divisor of 2075 and b.
25
Let t be 6*(-20)/(-18)*(-57)/(-2). Let r = 253 - t. Calculate the highest common divisor of r and 14.
7
Let y(s) = s**3 - 11*s**2 + 9*s + 13. Let i be y(7). Let w be ((-6)/(-15))/((-4)/i). Suppose 214 - 70 = 3*g. What is the highest common divisor of w and g?
12
Let p(a) = 22*a - 155 - 23*a - 27*a + a**2. Let v be p(-7). Calculate the greatest common divisor of v and 15.
15
Suppose 5*p + 4*k - 10 = 6*k, 3*p = -k + 6. Let n be (4 - -4)*1/p. Let x be 21/2 - (-4)/(-8). What is the greatest common factor of x and n?
2
Let l(g) = -g. Let p be l(0). Let v be (-5)/(-20)*p + (16 - 4). Calculate the highest common divisor of 12 and v.
12
Let y = -3565 + 3601. Calculate the highest common factor of y and 16164.
36
Let q be (-2 + -8)/(2/(-3)). Let a(u) = 18*u + 273. Let y be a(-6). Let l = -120 + y. What is the highest common divisor of l and q?
15
Suppose -440 + 332 = -23*o + 812. What is the highest common factor of 3496 and o?
8
Let s(l) = 23*l**3 + l**2 + l - 1. Let m be s(1). Let y = -39957 - -39993. What is the highest common divisor of y and m?
12
Let k(m) = -m**3 + 6*m**2 - 5*m + 12. Let p be (-396)/(-36) + 6/(-1). Let u be k(p). What is the greatest common divisor of 4 and u?
4
Let j = 13224 + -6350. What is the highest common factor of 14 and j?
14
Suppose l = 148*b - 152*b + 51, l + 4 = b. Let m be 264 + 0 + 0 + 0. Calculate the greatest common factor of b and m.
11
Let z(p) = p + 5. Let w be z(5). Let i be (-5)/(-2)*w + 2. Let a = 33 + i. Calculate the highest common factor of 12 and a.
12
Let g be 1*(-2 + 0 + 4). Suppose g*d - 16 = -3*s - 70, -31 = s + 5*d. Let p be (1/(-2))/(s/448). What is the greatest common factor of 154 and p?
14
Let a be ((-6)/2 - -2)*(2 + -5). Let d be (-1)/a + 32/6. Suppose -160 = o - 5*o. What is the greatest common divisor of o and d?
5
Let x(f) = f**3 + 14*f**2 - 21*f - 60. Let r be x(-15). Suppose r*m + 24 - 144 = 0. What is the highest common divisor of 172 and m?
4
Suppose 34*g - 165 - 5 = 0. Let d be ((-735)/(-3))/(5 - 4) + g. What is the highest common divisor of 10 and d?
10
Suppose 135 = 20*v - 1385. Let s be 382 + ((-21)/(-14))/((-9)/12). What is the greatest common divisor of s and v?
76
Suppose -5*s + 21 = l, 6 - 22 = -3*s - 4*l. Suppose -b - s*v + 302 = 0, 5*v - v + 8 = 0. Calculate the greatest common divisor of b and 124.
62
Let f be 861/57 - 3 - 10*4/380. What is the greatest common factor of f and 1914?
6
Let w(t) = -3*t - 84. Let z be w(-39). What is the highest common divisor of z and 121?
11
Let j = 22 - 17. Suppose 0 = 3*d + j*f - 17 - 23, -3*d + f = -10. Suppose -9 = 2*n - 3, 2*t - d*n = 43. Calculate the greatest common divisor of 112 and t.
14
Let j be 528*60/80 + 19. Calculate the highest common factor of j and 40.
5
Suppose -4*b + 12 = -8. Suppose 230 = 5*v + b*r, 3*r + 9 = -0*r. Calculate the highest common divisor of 7 and v.
7
Let l be 1191/24 + 5 + 12/32. Let b = 21 + -10. What is the highest common divisor of l and b?
11
Suppose 3*w = 115 + 95. Let q = 2047 - 2005. Calculate the greatest common divisor of q and w.
14
Let c be 262 + ((-312)/(-360))/(7/(-105)). Suppose -z + 4*r = 10, 0 = z + 2*z + 4*r - 34. What is the greatest common divisor of c and z?
3
Suppose 60 + 84 = 4*c. Let x(v) = -599*v - 17670. Let o be x(-30). What is the greatest common divisor of o and c?
12
Suppose -5 = 2*y + 3*z, 3*y + 8 = 2*z - 6. Let x be -13 + y/(-2)*1. Let m(r) = -r + 4. Let i be m(x). What is the greatest common divisor of 105 and i?
15
Let y be 5 + (1855 + 5)*99/36. Calculate the greatest common divisor of 160 and y.
160
Let m be 100/5 + 1 + -3. Let w(l) = 18 + 3*l - 14*l + 5*l**3 + 10*l**2 - 4*l**3. Let i be w(-9). What is the greatest common divisor of m and i?
18
Let o = 9539 - 7029. Calculate the greatest common divisor of 20 and o.
10
Let v(l) = -1025*l + 5361. Let o be v(-15). Calculate the greatest common divisor of o and 128.
128
Suppose -366 = -375*p + 384. Calculate the greatest common factor of p and 274.
2
Let b = 2874 - 2250. Calculate the highest common divisor of 78 and b.
78
Suppose -5 + 30 = 5*l. Let n(u) = 3*u - 12. Let s be n(l). What is the greatest common factor of 12 and s?
3
Let r be -19 + 0 + 9566682/426. What is the highest common divisor of r and 52?
26
Let f be (-934)/6 - (1 + -3)/(-6). Let c = 258 + f. What is the greatest common factor of c and 18?
6
Let j(q) = q**2 + 2*q + 2. Let z be j(3). Suppose 0 = 5*u - 4*x - 105, 5 + 5 = 5*x - 7*x. Calculate the highest common divisor of z and u.
17
Suppose 0 = 186*d - 199*d + 1755. Let p be ((-11)/(44/(-360)))/1. What is the greatest common factor of p and d?
45
Suppose 87*o - 54537 = 66*o. What is the greatest common factor of 106 and o?
53
Let s be 299/5382 + 719/18. What is the highest common factor of s and 16?
8
Let i = 388 + -372. Suppose i = -11*a + 13*a. Suppose 0 = -3*s + 3*m - 6*m + 234, 3*s - 250 = 5*m. Calculate the greatest common divisor of s and a.
8
Let z(k) = -k**2 - 7*k + 8. Let v = 9 + -15. Let n be z(v). Suppose -3*y = a - 32 - n, -2*y + 2*a = -20. What is the greatest common divisor of y and 7?
7
Let i(o) = -32*o + 37*o + 32 - o**2 + 12 - 16. Let w be i(7). Calculate the greatest common factor of 14 and w.
14
Let c(y) = -2*y**3 - y**2 + 27*y + 51. Let x be c(-2). Suppose -w + 2*w = 69. Suppose -w = -x*f + 21. Calculate the highest common factor of f and 25.
5
Suppose 4*o - 103 = -g + 184, 0 = 3*g + 5*o - 847. Calculate the highest common factor of 657 and g.
9
Let m(d) = 2*d**3 + 12*d**2 - 7*d - 9. Let p(o) = o**2 - o - 1. Let w(c) = -m(c) - p(c). Let z be w(-7). What is the highest common divisor of 3 and z?
3
Let p be (-2 - (-1 + -1)) + (-8)/(-2). Suppose -5*g + g + 40 = 5*v, 0 = -4*v - p*g + 36. Calculate the highest common divisor of v and 52.
4
Suppose 0 = 5*r - 10 - 185. Let l be r - ((-6)/9 + (-1)/3). Calculate the highest common divisor of l and 50.
10
Suppose -5*u - 2*w + 568 = 0, -3*u - 159*w + 162*w = -345. Calculate the highest common factor of 133 and u.
19
Suppose n + 4*m = 3*n - 88, 4*m - 80 = -2*n. Let g(v) = 26*v**3 - v**2 - 11*v + 10. Let x be g(1). What is the greatest common factor of n and x?
6
Suppose 3*c = -140*c - 201*c + 30960. What is the greatest common divisor of 4710 and c?
30
Let d = 213 - 184. What is the highest common factor of 4 and d?
1
Let t be (24*(-24)/(-56))/((-6)/(-112)). What is the greatest common divisor of t and 78?
6
Let v(l) be the second derivative of -5*l**3/3 + 2*l. Let q be v(-4). Let s = 1899 - 1839. What is the highest common divisor of s and q?
20
Suppose 0 = 36*t - 32*t + 1220. Let r = t + 316. Calculate the highest common factor of r and 11.
11
Let r(x) = x**3 + 16*x**2 - 21*x - 43. Let d be r(-17). Suppose 2*s - 5 = 4*f + d, -s + 4*f + 25 = 0. What is the greatest common factor of s and 125?
5
Let n = -249 - -257. Let c be 158/8 - (5 + -7)/n. Suppose d = -5*s + 4*d + 391, -163 = -2*s - d. What is the greatest common divisor of c and s?
20
Let x be 1/(-4) - 783/(-12). Suppose 4*t - 161 + x = 0. Let a be (-3616)/(-112) - (8/(-28) + (-12)/(-21)). What is the greatest common divisor of t and a?
8
Let j be 20/(-6)*(-22 - -20)*6/4. What is the greatest common factor of 7980 and j?
10
Let x = -13 + -60. Let i = x - -76. Suppose i*j - 2*j - 87 = 5*w, 5*j + 3*w = 435. What is the highest common factor of 29 and j?
29
Suppose 0 = -4*i + 5*i - 5*h - 27, -4*h + 54 = i. Let u be 108/30 + (-12)/20. Suppose u*g - 12 - i = 0. What is the highest common factor of 6 and g?
6
Let x(l) = 8*l + 74. Let k be x(-8). Suppose k*u = 3*u + 2268. Calculate the highest common factor of u and 18.
18
Let g be (-7)/(-42) + (-636)/(-72). What is the highest common divisor of g and 7677?
9
Let q be -1*(-5 + 5 